10 - 713?
-703
In base 8, what is 5 - -55?
62
In base 16, what is -3 + -9b?
-9e
In base 7, what is -306 + -6?
-315
In base 9, what is 8 - 730?
-721
In base 11, what is 5 + 1a1?
1a6
In base 3, what is -122 + -2?
-201
In base 11, what is 41 + 6?
47
In base 10, what is -1 + -22?
-23
In base 12, what is 1988 + -5?
1983
In base 14, what is -2c3 - 1?
-2c4
In base 15, what is -b + -b?
-17
In base 12, what is -9052 + -3?
-9055
In base 13, what is 86 - -3?
89
In base 5, what is -1 - -301?
300
In base 3, what is 100 - -22?
122
In base 2, what is 1011 + 1011101?
1101000
In base 13, what is 187 - 29?
15b
In base 13, what is 4 + 1633?
1637
In base 12, what is bb + 4?
103
In base 9, what is -10 + -67?
-77
In base 2, what is -10 - -100101?
100011
In base 3, what is -1 - -11112?
11111
In base 5, what is 0 + 11434?
11434
In base 13, what is -2b + -1?
-2c
In base 16, what is 40f - -a?
419
In base 9, what is 3 - 11?
-7
In base 10, what is 21 + 78?
99
In base 7, what is 2123 - 0?
2123
In base 6, what is 454304 - -5?
454313
In base 11, what is -5 - -45?
40
In base 2, what is -1011000111 - -100?
-1011000011
In base 11, what is 3 - 134?
-131
In base 16, what is 2c - -9?
35
In base 15, what is cb - 0?
cb
In base 14, what is 8b39 + -2?
8b37
In base 13, what is 29b - -4?
2a2
In base 8, what is -22 - -51?
27
In base 13, what is 3b9 + 5?
3c1
In base 12, what is 11ab + 0?
11ab
In base 15, what is 3 + -346?
-343
In base 12, what is 1b75 - 3?
1b72
In base 8, what is 1514 - 5?
1507
In base 13, what is -47c - -6?
-476
In base 4, what is 111 + 122?
233
In base 12, what is 1 - -111?
112
In base 13, what is -4b + -12?
-60
In base 13, what is 4 + -67?
-63
In base 2, what is -110101000010 - 100?
-110101000110
In base 7, what is -161 + -13?
-204
In base 5, what is 144 - -1401?
2100
In base 8, what is 66 + 12?
100
In base 10, what is 600 - 4?
596
In base 3, what is 202 - 10?
122
In base 14, what is -2a1 - -1?
-2a0
In base 9, what is -11 + 344?
333
In base 5, what is -13 - -100?
32
In base 15, what is 0 - -1d?
1d
In base 6, what is 3 - -530?
533
In base 12, what is 231 + 3?
234
In base 14, what is -4c72 + 1?
-4c71
In base 8, what is -3 - -74?
71
In base 11, what is 0 + 12?
12
In base 8, what is -6 - -16?
10
In base 11, what is -13a5 - 2?
-13a7
In base 9, what is -1 + 172?
171
In base 7, what is 411 - 35?
343
In base 5, what is -10 + 113303?
113243
In base 8, what is 1 - 554?
-553
In base 2, what is 10101111 - -101?
10110100
In base 6, what is -1 - -3220?
3215
In base 8, what is 3 + -63?
-60
In base 13, what is -1 - 300?
-301
In base 10, what is 39 + 419?
458
In base 12, what is b - -333?
342
In base 14, what is 1007 + -2?
1005
In base 9, what is -8168 + 0?
-8168
In base 8, what is -3 - -17?
14
In base 7, what is -3 - 0?
-3
In base 6, what is -3 + 42?
35
In base 3, what is 1010102202 + 10?
1010102212
In base 15, what is -4 + -135?
-139
In base 16, what is 6 - -34a?
350
In base 6, what is -3 - -2002?
1555
In base 15, what is 6 - -7?
d
In base 8, what is 14 - 343?
-327
In base 8, what is 4 - -112?
116
In base 8, what is 0 - -125?
125
In base 4, what is 10 + 313213?
313223
In base 5, what is 21 + -101?
-30
In base 4, what is 2 + -120321?
-120313
In base 10, what is -87 + 19?
-68
In base 2, what is 1001 - -1100011?
1101100
In base 6, what is -21322 + 0?
-21322
In base 15, what is -a - 23e?
-249
In base 8, what is -1432 + 33?
-1377
In base 14, what is -1c8 + 5?
-1c3
In base 14, what is -2dd + 14?
-2c9
In base 12, what is 3 + 5b9?
600
In base 14, what is -52 + 3?
-4d
In base 4, what is 331 + 131?
1122
In base 2, what is -1001001111 - 1111?
-1001011110
In base 15, what is -3 + -187?
-18a
In base 8, what is 10 + 50?
60
In base 3, what is -1 + -1022?
-1100
In base 16, what is 2171 + -2?
216f
In base 13, what is 3a + 5?
42
In base 9, what is 336 - 45?
281
In base 16, what is 1d - -a?
27
In base 5, what is 20 + 14?
34
In base 5, what is -1 - -142?
141
In base 12, what is -15 + -7?
-20
In base 4, what is 2 - -12023?
12031
In base 8, what is -334 + -2?
-336
In base 5, what is 10302 - 2?
10300
In base 9, what is 5 + -23?
-17
In base 13, what is -1932 + 4?
-192b
In base 2, what is 11000 - 11010111?
-10111111
In base 7, what is 3 + -2603?
-2600
In base 6, what is 5 - 201?
-152
In base 7, what is 333 + 4?
340
In base 5, what is 3 - 12341?
-12333
In base 5, what is 44 + 3?
102
In base 9, what is -1 - 8?
-10
In base 13, what is -6 + -20b?
-214
In base 5, what is 3 + 121?
124
In base 4, what is 233 + -11?
222
In base 3, what is -110110 - -2?
-110101
In base 2, what is -1000000011 - -1110?
-111110101
In base 3, what is -10 - 122?
-202
In base 8, what is -17766 - 5?
-17773
In base 16, what is 825 + -1?
824
In base 7, what is 3 - 20?
-14
In base 9, what is 1876 + 2?
1878
In base 15, what is -9 - -22?
18
In base 5, what is -3 + -4001?
-4004
In base 4, what is -130 - 10?
-200
In base 14, what is 17 - -a?
23
In base 6, what is -3 + -1422?
-1425
In base 4, what is -2 - -10213?
10211
In base 6, what is -3 - -15435?
15432
In base 16, what is 21 - 5?
1c
In base 13, what is 9 + 0?
9
In base 4, what is -3 - 1122?
-1131
In base 2, what is 100 - -110011110?
110100010
In base 13, what is -57b - -1a?
-561
In base 11, what is 26 + 25?
50
In base 9, what is 5 + -14?
-8
In base 3, what is -12010 + 1?
-12002
In base 9, what is -50 + -3?
-53
In base 16, what is 20 - -4?
24
In base 3, what is 101020 + -10?
101010
In base 13, what is -37c - 14?
-393
In base 10, what is 3 + -18?
-15
In base 14, what is -9 + -3b6?
-3c1
In base 9, what is 47 - -54?
112
In base 11, what is -10 - 10?
-20
In base 14, what is 10 + -18?
-8
In base 3, what is 2000212 + 10?
2000222
In base 13, what is -1 - -74?
73
In base 6, what is -201 + -3?
-204
In base 13, what is -1 + 18a?
189
In base 8, what is 6 + 53?
61
In base 6, what is 232 + 130?
402
In base 13, what is 0 + -306?
-306
In base 5, what is 30141 - 10?
30131
In base 14, what is -8 - 7b8?
-7c2
In base 10, what is -36 + 10?
-26
In base 2, what is -110 - 1011101?
-1100011
In base 12, what is -2468 + 1?
-2467
In base 10, what is -16 - -32?
16
In base 14, what is 5 + 19?
20
In base 14, what is -3 + -18?
-1b
In base 15, what is -8a4 + 2?
-8a2
In base 11, what is -18 + -359?
-376
In base 5, what is -1 - -223?
222
In base 9, what is -5 - -7877?
7872
In base 5, what is -1 + 204?
203
In base 13, what is -3 + -53?
-56
In base 9, what is -82 + -147?
-240
In base 8, what is -355 - -104?
-251
In base 2, what is -1000001001 - 10001?
-1000011010
In base 5, what is 0 - -10?
10
In base 12, what is 12 - -17?
29
In base 5, what is 142 + -2?
140
In base 9, what is -3 + 530?
526
In base 7, what is -441 - 14?
-455
In base 13, what is c6 + -31?
95
In base 8, what is -4 + -3644?
-3650
In base 9, what is 28 + -462?
-433
In base 2, what is -101 - 11101001?
-11101110
In base 14, what is b4 + 7?
bb
In base 3, what is -111 - 22?
-210
In base 6, what is 300 - 0?
300
In base 11, what is 12 + 35?
47
In base 2, what is -11010101 + 11?
-11010010
In base 11, what is 1110 + 6?
1116
In base 4, what is -3 - -300011?
300002
In base 8, what is -70 - -3?
-65
In base 10, what is 2564 + 5?
2569
In base 10, what is 17 - -20?
37
In base 4, what is 13 + 10200?
10213
In base 3, what is 2 - 1111?
-1102
In base 8, what is -610 - 0?
-610
In base 9, what is 402 + -15?
376
In base 2, what is -101 - 1011111?
-1100100
In base 12, what is 317b + 1?
3180
In base 2, what is -11110011010 + 1?
-11110011001
In base 3, what is 2111 + 201?
10012
In base 2, what is 10 - -10110?
11000
In base 13, what is 4b87 + 1?
4b88
In base 7, what is 5 - 320?
-312
In base 13, what is 65b + 13?
671
In base 14, what is 8 + -a?
-2
In base 15, what is -13 + -5?
-18
In base 3, what is -2102 + 1201?
-201
In base 13, what is -b0 - -3?
-aa
In base 8, what is -10 - 3?
-13
In base 4, what is 133303 + -11?
133232
In base 8, what is 40 + 201?
241
In base 3, what is 10101 + 10?
10111
In base 13, what is -9 + -132?
-13b
In base 4, what is 0 + 133011?
133011
In base 7, what is -151 - 54?
-235
In base 9, what is -23 + 300?
266
In base 15, what is 1 + -259?
-258
In base 10, what is 7 - -1362?
1369
In base 14, what is 3 + 37?
3a
In base 4, what is 11 - 2320?
-2303
In base 10, what is 5 - 199?
-194
In base 13, what is -1a - 2?
-1c
In base 15, what is bc - c?
b0
In base 15, what is 4 - 2